{"id":566,"date":"2024-07-08T21:13:23","date_gmt":"2024-07-08T21:13:23","guid":{"rendered":"https:\/\/radiopoema.net\/?page_id=566"},"modified":"2024-07-08T21:22:07","modified_gmt":"2024-07-08T21:22:07","slug":"moderatori","status":"publish","type":"page","link":"https:\/\/radiopoema.net\/index.php\/moderatori\/","title":{"rendered":"Moderatori"},"content":{"rendered":"<div class=\"wpb-content-wrapper\"><p>[vc_row css_animation=&#8221;slideInUp&#8221;][vc_column width=&#8221;1\/2&#8243;][vc_single_image image=&#8221;571&#8243; alignment=&#8221;right&#8221;][\/vc_column][vc_column width=&#8221;1\/2&#8243;][vc_column_text]Salut! sunt Adrian Moldovan realizator radio emisiune,Dor de Poezie si impreuna cu intreaga echipa aducem la &#8216;Radio Poema&#8217;frumuse\u021bea muzicii \u0219i a poeziei pentru a crea o experien\u021b\u0103 artistic\u0103 unic\u0103. Echipa noastr\u0103 de arti\u0219ti pasiona\u021bi se dedic\u0103 \u00eentru totul expresivit\u0103\u021bii \u0219i creativit\u0103\u021bii, oferindu-v\u0103 momente sublime\u00a0de\u00a0inspira\u021bie.<\/p>\n<p>Program:<br \/>\nJoi \u0219i duminica de la ora 20 Dor de Poezie cu Adrian Moldovan<br \/>\nDe luni pana joi, de la ora 10, Express Caffe cu Adrian Moldovan[\/vc_column_text][\/vc_column][\/vc_row]<\/p>\n<\/div>","protected":false},"excerpt":{"rendered":"<p>[vc_row css_animation=&#8221;slideInUp&#8221;][vc_column width=&#8221;1\/2&#8243;][vc_single_image image=&#8221;571&#8243; alignment=&#8221;right&#8221;][\/vc_column][vc_column width=&#8221;1\/2&#8243;][vc_column_text]Salut! sunt Adrian Moldovan realizator radio emisiune,Dor de Poezie si impreuna cu intreaga echipa aducem la &#8216;Radio Poema&#8217;frumuse\u021bea muzicii \u0219i a poeziei pentru a crea o experien\u021b\u0103 artistic\u0103 unic\u0103. Echipa noastr\u0103 de arti\u0219ti pasiona\u021bi se dedic\u0103 \u00eentru totul expresivit\u0103\u021bii \u0219i creativit\u0103\u021bii, oferindu-v\u0103 momente sublime\u00a0de\u00a0inspira\u021bie. Program: Joi \u0219i duminica de la [&hellip;]<\/p>\n","protected":false},"author":1,"featured_media":0,"parent":0,"menu_order":0,"comment_status":"closed","ping_status":"closed","template":"","meta":{"footnotes":""},"class_list":["post-566","page","type-page","status-publish","hentry"],"yoast_head":"<!-- This site is optimized with the Yoast SEO plugin v27.2 - https:\/\/yoast.com\/product\/yoast-seo-wordpress\/ -->\n<title>Moderatori - Radio Poema<\/title>\n<meta name=\"robots\" content=\"index, follow, max-snippet:-1, max-image-preview:large, max-video-preview:-1\" \/>\n<link rel=\"canonical\" href=\"https:\/\/radiopoema.net\/index.php\/moderatori\/\" \/>\n<meta property=\"og:locale\" content=\"ro_RO\" \/>\n<meta property=\"og:type\" content=\"article\" \/>\n<meta property=\"og:title\" content=\"Moderatori - Radio Poema\" \/>\n<meta property=\"og:description\" content=\"[vc_row css_animation=&#8221;slideInUp&#8221;][vc_column width=&#8221;1\/2&#8243;][vc_single_image image=&#8221;571&#8243; alignment=&#8221;right&#8221;][\/vc_column][vc_column width=&#8221;1\/2&#8243;][vc_column_text]Salut! sunt Adrian Moldovan realizator radio emisiune,Dor de Poezie si impreuna cu intreaga echipa aducem la &#8216;Radio Poema&#8217;frumuse\u021bea muzicii \u0219i a poeziei pentru a crea o experien\u021b\u0103 artistic\u0103 unic\u0103. Echipa noastr\u0103 de arti\u0219ti pasiona\u021bi se dedic\u0103 \u00eentru totul expresivit\u0103\u021bii \u0219i creativit\u0103\u021bii, oferindu-v\u0103 momente sublime\u00a0de\u00a0inspira\u021bie. Program: Joi \u0219i duminica de la [&hellip;]\" \/>\n<meta property=\"og:url\" content=\"https:\/\/radiopoema.net\/index.php\/moderatori\/\" \/>\n<meta property=\"og:site_name\" content=\"Radio Poema\" \/>\n<meta property=\"article:modified_time\" content=\"2024-07-08T21:22:07+00:00\" \/>\n<meta name=\"twitter:card\" content=\"summary_large_image\" \/>\n<meta name=\"twitter:label1\" content=\"Timp estimat pentru citire\" \/>\n\t<meta name=\"twitter:data1\" content=\"1 minut\" \/>\n<script type=\"application\/ld+json\" class=\"yoast-schema-graph\">{\"@context\":\"https:\/\/schema.org\",\"@graph\":[{\"@type\":\"WebPage\",\"@id\":\"https:\/\/radiopoema.net\/index.php\/moderatori\/\",\"url\":\"https:\/\/radiopoema.net\/index.php\/moderatori\/\",\"name\":\"Moderatori - Radio Poema\",\"isPartOf\":{\"@id\":\"https:\/\/radiopoema.net\/#website\"},\"datePublished\":\"2024-07-08T21:13:23+00:00\",\"dateModified\":\"2024-07-08T21:22:07+00:00\",\"breadcrumb\":{\"@id\":\"https:\/\/radiopoema.net\/index.php\/moderatori\/#breadcrumb\"},\"inLanguage\":\"ro-RO\",\"potentialAction\":[{\"@type\":\"ReadAction\",\"target\":[\"https:\/\/radiopoema.net\/index.php\/moderatori\/\"]}]},{\"@type\":\"BreadcrumbList\",\"@id\":\"https:\/\/radiopoema.net\/index.php\/moderatori\/#breadcrumb\",\"itemListElement\":[{\"@type\":\"ListItem\",\"position\":1,\"name\":\"Prima pagin\u0103\",\"item\":\"https:\/\/radiopoema.net\/\"},{\"@type\":\"ListItem\",\"position\":2,\"name\":\"Moderatori\"}]},{\"@type\":\"WebSite\",\"@id\":\"https:\/\/radiopoema.net\/#website\",\"url\":\"https:\/\/radiopoema.net\/\",\"name\":\"RadioPoema\",\"description\":\"Un Radio pentru sufletul tau\",\"publisher\":{\"@id\":\"https:\/\/radiopoema.net\/#organization\"},\"potentialAction\":[{\"@type\":\"SearchAction\",\"target\":{\"@type\":\"EntryPoint\",\"urlTemplate\":\"https:\/\/radiopoema.net\/?s={search_term_string}\"},\"query-input\":{\"@type\":\"PropertyValueSpecification\",\"valueRequired\":true,\"valueName\":\"search_term_string\"}}],\"inLanguage\":\"ro-RO\"},{\"@type\":\"Organization\",\"@id\":\"https:\/\/radiopoema.net\/#organization\",\"name\":\"RadioPoema\",\"url\":\"https:\/\/radiopoema.net\/\",\"logo\":{\"@type\":\"ImageObject\",\"inLanguage\":\"ro-RO\",\"@id\":\"https:\/\/radiopoema.net\/#\/schema\/logo\/image\/\",\"url\":\"https:\/\/radiopoema.net\/wp-content\/uploads\/2024\/07\/output-onlinepngtools-1.png\",\"contentUrl\":\"https:\/\/radiopoema.net\/wp-content\/uploads\/2024\/07\/output-onlinepngtools-1.png\",\"width\":500,\"height\":500,\"caption\":\"RadioPoema\"},\"image\":{\"@id\":\"https:\/\/radiopoema.net\/#\/schema\/logo\/image\/\"}}]}<\/script>\n<!-- \/ Yoast SEO plugin. -->","yoast_head_json":{"title":"Moderatori - Radio Poema","robots":{"index":"index","follow":"follow","max-snippet":"max-snippet:-1","max-image-preview":"max-image-preview:large","max-video-preview":"max-video-preview:-1"},"canonical":"https:\/\/radiopoema.net\/index.php\/moderatori\/","og_locale":"ro_RO","og_type":"article","og_title":"Moderatori - Radio Poema","og_description":"[vc_row css_animation=&#8221;slideInUp&#8221;][vc_column width=&#8221;1\/2&#8243;][vc_single_image image=&#8221;571&#8243; alignment=&#8221;right&#8221;][\/vc_column][vc_column width=&#8221;1\/2&#8243;][vc_column_text]Salut! sunt Adrian Moldovan realizator radio emisiune,Dor de Poezie si impreuna cu intreaga echipa aducem la &#8216;Radio Poema&#8217;frumuse\u021bea muzicii \u0219i a poeziei pentru a crea o experien\u021b\u0103 artistic\u0103 unic\u0103. Echipa noastr\u0103 de arti\u0219ti pasiona\u021bi se dedic\u0103 \u00eentru totul expresivit\u0103\u021bii \u0219i creativit\u0103\u021bii, oferindu-v\u0103 momente sublime\u00a0de\u00a0inspira\u021bie. Program: Joi \u0219i duminica de la [&hellip;]","og_url":"https:\/\/radiopoema.net\/index.php\/moderatori\/","og_site_name":"Radio Poema","article_modified_time":"2024-07-08T21:22:07+00:00","twitter_card":"summary_large_image","twitter_misc":{"Timp estimat pentru citire":"1 minut"},"schema":{"@context":"https:\/\/schema.org","@graph":[{"@type":"WebPage","@id":"https:\/\/radiopoema.net\/index.php\/moderatori\/","url":"https:\/\/radiopoema.net\/index.php\/moderatori\/","name":"Moderatori - Radio Poema","isPartOf":{"@id":"https:\/\/radiopoema.net\/#website"},"datePublished":"2024-07-08T21:13:23+00:00","dateModified":"2024-07-08T21:22:07+00:00","breadcrumb":{"@id":"https:\/\/radiopoema.net\/index.php\/moderatori\/#breadcrumb"},"inLanguage":"ro-RO","potentialAction":[{"@type":"ReadAction","target":["https:\/\/radiopoema.net\/index.php\/moderatori\/"]}]},{"@type":"BreadcrumbList","@id":"https:\/\/radiopoema.net\/index.php\/moderatori\/#breadcrumb","itemListElement":[{"@type":"ListItem","position":1,"name":"Prima pagin\u0103","item":"https:\/\/radiopoema.net\/"},{"@type":"ListItem","position":2,"name":"Moderatori"}]},{"@type":"WebSite","@id":"https:\/\/radiopoema.net\/#website","url":"https:\/\/radiopoema.net\/","name":"RadioPoema","description":"Un Radio pentru sufletul tau","publisher":{"@id":"https:\/\/radiopoema.net\/#organization"},"potentialAction":[{"@type":"SearchAction","target":{"@type":"EntryPoint","urlTemplate":"https:\/\/radiopoema.net\/?s={search_term_string}"},"query-input":{"@type":"PropertyValueSpecification","valueRequired":true,"valueName":"search_term_string"}}],"inLanguage":"ro-RO"},{"@type":"Organization","@id":"https:\/\/radiopoema.net\/#organization","name":"RadioPoema","url":"https:\/\/radiopoema.net\/","logo":{"@type":"ImageObject","inLanguage":"ro-RO","@id":"https:\/\/radiopoema.net\/#\/schema\/logo\/image\/","url":"https:\/\/radiopoema.net\/wp-content\/uploads\/2024\/07\/output-onlinepngtools-1.png","contentUrl":"https:\/\/radiopoema.net\/wp-content\/uploads\/2024\/07\/output-onlinepngtools-1.png","width":500,"height":500,"caption":"RadioPoema"},"image":{"@id":"https:\/\/radiopoema.net\/#\/schema\/logo\/image\/"}}]}},"_links":{"self":[{"href":"https:\/\/radiopoema.net\/index.php\/wp-json\/wp\/v2\/pages\/566","targetHints":{"allow":["GET"]}}],"collection":[{"href":"https:\/\/radiopoema.net\/index.php\/wp-json\/wp\/v2\/pages"}],"about":[{"href":"https:\/\/radiopoema.net\/index.php\/wp-json\/wp\/v2\/types\/page"}],"author":[{"embeddable":true,"href":"https:\/\/radiopoema.net\/index.php\/wp-json\/wp\/v2\/users\/1"}],"replies":[{"embeddable":true,"href":"https:\/\/radiopoema.net\/index.php\/wp-json\/wp\/v2\/comments?post=566"}],"version-history":[{"count":9,"href":"https:\/\/radiopoema.net\/index.php\/wp-json\/wp\/v2\/pages\/566\/revisions"}],"predecessor-version":[{"id":578,"href":"https:\/\/radiopoema.net\/index.php\/wp-json\/wp\/v2\/pages\/566\/revisions\/578"}],"wp:attachment":[{"href":"https:\/\/radiopoema.net\/index.php\/wp-json\/wp\/v2\/media?parent=566"}],"curies":[{"name":"wp","href":"https:\/\/api.w.org\/{rel}","templated":true}]}}